+ 156453?
155532
In base 6, what is 0 + 123041052?
123041052
In base 13, what is -1 + ac1b27?
ac1b26
In base 3, what is 120110000122 - 121000?
120102102122
In base 3, what is 110220021221220 - -20?
110220021222010
In base 7, what is -1142 - 1540?
-3012
In base 11, what is 902 + 399a?
47a1
In base 7, what is -32542 + -6020?
-41562
In base 8, what is 12300217 + 16?
12300235
In base 14, what is -cb5 - 35d?
-1234
In base 2, what is -10110001110111111100000 + 11?
-10110001110111111011101
In base 2, what is 1100110100111100110 + -1011010010?
1100110011100010100
In base 9, what is 117 + 681260?
681377
In base 8, what is -134755 - -231?
-134524
In base 8, what is 16177 + 136330?
154527
In base 12, what is 2979319 - 18?
2979301
In base 2, what is -1010011000 - 1111110001100110?
-1111111011111110
In base 14, what is -1b3 - 14138?
-1430b
In base 10, what is -511787 - 7?
-511794
In base 9, what is 10 + 10173547?
10173557
In base 15, what is 3 - 411ee?
-411eb
In base 7, what is 25560 - 503?
25054
In base 11, what is -13a4 + 1066?
-339
In base 5, what is -22 - -44101424?
44101402
In base 10, what is -1307261 - 28?
-1307289
In base 13, what is 20b - 78a0?
-7692
In base 2, what is 11010000 + 1011000100101011110?
1011000101000101110
In base 3, what is -11 + 20010020102121?
20010020102110
In base 5, what is 3 + -404221132?
-404221124
In base 16, what is 52168f - -2d?
5216bc
In base 5, what is 2000 + 20113244?
20120244
In base 5, what is 1424234 - 11220?
1413014
In base 3, what is 21021212202 - -1?
21021212210
In base 15, what is -1bb0735 - -19?
-1bb071b
In base 3, what is 110102221212200110 + -21?
110102221212200012
In base 7, what is 153624 + -1403?
152221
In base 14, what is -6d28 - b0d?
-7a37
In base 6, what is 2025 + -520501?
-514432
In base 12, what is -16aa7 + 1186?
-15921
In base 6, what is -5 + -2035021301?
-2035021310
In base 5, what is -1123 - 3102311?
-3103434
In base 2, what is -11110100010110011 + -10100100?
-11110100101010111
In base 8, what is 26431755 + 111?
26432066
In base 3, what is 111220001211 - 121?
111220001020
In base 6, what is -1134415 + -1434?
-1140253
In base 7, what is -41 + 66042?
66001
In base 15, what is 11b9 + -639?
a80
In base 4, what is 133231102 + 30?
133231132
In base 16, what is 308bd + -117?
307a6
In base 6, what is 5245121215 + 4?
5245121223
In base 9, what is 65656 + -427?
65228
In base 9, what is -23 - -1558382?
1558358
In base 13, what is 94 + 2b1250?
2b1314
In base 5, what is 10 + -334040431302?
-334040431242
In base 16, what is -b + 6ea90?
6ea85
In base 7, what is -66 - -116500?
116401
In base 14, what is -d + -297ba1?
-297bb0
In base 10, what is 5 + -132095630?
-132095625
In base 4, what is 21121310232030 - 11?
21121310232013
In base 11, what is -117454 - 574?
-117a18
In base 16, what is 2c6 - 10cb7?
-109f1
In base 9, what is -82 + -256725?
-256817
In base 8, what is 332677 - -71?
332770
In base 15, what is -8eac4 + 16?
-8eaad
In base 6, what is 400520 + 2013?
402533
In base 13, what is 165cb + -60c?
15cbc
In base 11, what is 87 + -117959?
-117882
In base 16, what is -3 - 1122f4?
-1122f7
In base 11, what is -2a09 + -6a2a4?
-72202
In base 14, what is -41 - 4204bc?
-42051d
In base 14, what is 18d5427 + 4?
18d542b
In base 11, what is 63232a9 + -6?
63232a3
In base 8, what is 1141 - 1627751?
-1626610
In base 14, what is -8482 - 1c?
-84a0
In base 12, what is -95256 - 378?
-95612
In base 13, what is 466 - 7351?
-6bb8
In base 4, what is 211 + -23120202?
-23113331
In base 9, what is -1322371 + 43?
-1322327
In base 6, what is -40 + -13335023?
-13335103
In base 5, what is -3 - 100421440?
-100421443
In base 5, what is 1102440010 + 0?
1102440010
In base 10, what is -21 - 1592294?
-1592315
In base 4, what is 31210320 - 130012?
31020302
In base 9, what is 3206 - -20205?
23412
In base 7, what is 63115410 + -6?
63115401
In base 5, what is -210000102110 - 2?
-210000102112
In base 14, what is -1214c88 - 3?
-1214c8b
In base 8, what is -11 + -11015617?
-11015630
In base 14, what is -59 + -4db1a?
-4db75
In base 4, what is 3102312 - 103?
3102203
In base 7, what is 401 - -1321?
2022
In base 12, what is 7639 - -40b?
7a48
In base 8, what is 11 - 1155714570?
-1155714557
In base 5, what is -101120121 + 23?
-101120043
In base 6, what is -2 + -524023345?
-524023351
In base 8, what is 212026357 + 3?
212026362
In base 2, what is -11000 - -110010001010000111111100?
110010001010000111100100
In base 8, what is 777 + -16635?
-15636
In base 2, what is -1 + -10001111100110110000111110010?
-10001111100110110000111110011
In base 12, what is 14 + 36892?
368a6
In base 8, what is 107 - -244137?
244246
In base 4, what is -211 + -130121200?
-130122011
In base 13, what is -84349348 + -3?
-8434934b
In base 5, what is 431142 - 13?
431124
In base 7, what is 5222 + -12143?
-3621
In base 9, what is -24742 - 0?
-24742
In base 13, what is 20966 + -12a4?
1c692
In base 7, what is 4424 - -10426?
15153
In base 2, what is 0 - 1011110110111010110000111?
-1011110110111010110000111
In base 2, what is 100 - -101000010110111111110001?
101000010110111111110101
In base 3, what is 1 - 1011211002022202?
-1011211002022201
In base 6, what is -20354051200 - -5?
-20354051151
In base 8, what is 240210255 + 1?
240210256
In base 12, what is -9 - 126a15a?
-126a167
In base 8, what is 2 - -3024262?
3024264
In base 6, what is 5212054 + 5340?
5221434
In base 16, what is -85b4 - -dc5?
-77ef
In base 14, what is 12 - -35735?
35747
In base 11, what is 9688 - -232?
990a
In base 10, what is -50358337 + 0?
-50358337
In base 13, what is -196 + -342?
-508
In base 14, what is 249 - 1bda8?
-1bb5d
In base 3, what is 20100011120 - -20002?
20100101122
In base 9, what is -3215 + 10765?
6550
In base 9, what is -37 - 637465?
-637513
In base 9, what is 16851 - -8505?
26456
In base 12, what is -4 - 1497a7?
-1497ab
In base 10, what is 51601 + -686?
50915
In base 5, what is -133 + -12031103?
-12031241
In base 4, what is -120313233 - -32122?
-120221111
In base 16, what is 26 + 3fd0e4?
3fd10a
In base 6, what is 153 + -51004003?
-51003410
In base 8, what is -150521 + 374?
-150125
In base 11, what is -64767106 + 1?
-64767105
In base 13, what is 4 + 564958?
56495c
In base 6, what is 2414451 - 0?
2414451
In base 3, what is -10 - 21121212102200?
-21121212102210
In base 3, what is -1 + -221100002121101101?
-221100002121101102
In base 13, what is -140b482 - 35?
-140b4b7
In base 4, what is -21 + -210001202203?
-210001202230
In base 10, what is 110462720 + 6?
110462726
In base 6, what is 144 + -211022102?
-211021514
In base 5, what is 244422 - 424430?
-130003
In base 14, what is -30347 + -6d2?
-30a39
In base 5, what is -2443240 + 132223?
-2311012
In base 7, what is 2 - -14555415?
14555420
In base 9, what is 241 - -235257?
235508
In base 16, what is b8d5 - 12c?
b7a9
In base 8, what is 1643502441 + 5?
1643502446
In base 16, what is -9 + -1b87f87?
-1b87f90
In base 7, what is 24220 - -644361?
1001611
In base 5, what is 12 + -2243143340?
-2243143323
In base 8, what is -135 + -24446245?
-24446402
In base 5, what is -200121 + 32132?
-112434
In base 16, what is -132e + 5a5?
-d89
In base 7, what is 2 - -20060211?
20060213
In base 9, what is 66203 - 8?
66184
In base 4, what is 110012013 + -320?
110011033
In base 14, what is 175 - 5d?
116
In base 2, what is 1100100110 + 11000000101111000010?
11000000111011101000
In base 12, what is 2780 + 1501?
4081
In base 2, what is -10110000111100111101010 - 100100?
-10110000111101000001110
In base 8, what is -4 - -74647730?
74647724
In base 3, what is -1012111200 + -211122?
-1020100022
In base 3, what is -2021 - 11010201211?
-11010211002
In base 3, what is 101211121210100 + -2?
101211121210021
In base 12, what is 465 - 78?
3a9
In base 12, what is 6424b5 - -7?
642500
In base 9, what is -10 - 135222171?
-135222181
In base 2, what is 101000 + 11110000010110?
11110000111110
In base 6, what is 433 - 1224003?
-1223130
In base 12, what is -4a4ab8 + -92?
-4a4b8a
In base 14, what is 5 - -81dcca?
81dcd1
In base 15, what is -36 - 5a2dc?
-5a323
In base 14, what is 43 - -b5c25?
b5c68
In base 9, what is -22 - 3185622?
-3185644
In base 15, what is 2 - 2ce2d6?
-2ce2d4
In base 5, what is 2 - 21004344124?
-21004344122
In base 4, what is 30112 - -23300?
120012
In base 10, what is -49 + 248786?
248737
In base 7, 